{"id":4901,"date":"2018-03-02T16:12:42","date_gmt":"2018-03-02T15:12:42","guid":{"rendered":"https:\/\/www.erbbrot.it\/?page_id=4901"},"modified":"2025-03-18T16:23:31","modified_gmt":"2025-03-18T15:23:31","slug":"cafeteria","status":"publish","type":"page","link":"https:\/\/www.erbbrot.it\/it\/cafeteria\/","title":{"rendered":"Cafeteria"},"content":{"rendered":"<p><strong>La Cafeteria Erb nel cuore di Merano<\/strong><\/p>\n<p>Entrare e sentirsi bene: la nuova Cafeteria Erb \u00e8 contemporaneamente panificio e bar! L\u2019ambiente suggestivo e luminoso, arredato con materiali gradevoli, \u00e8 il posto giusto per godersi in tranquillit\u00e0 la vista sul Kurhaus e su Corso Libert\u00e0, sorseggiando una tazza di t\u00e8 o caff\u00e8. Oltre a pane fresco, paste e fette di torta del nostro panificio e pasticceria artigianali di Merano, offriamo anche piatti veloci come deliziose pizzette e panini farciti, accompagnati da spremute, vini scelti e prosecco.<\/p>\n<p>Da asporto, direttamente dalla nostra pasticceria, l\u2019irresistibile cubetto meranese al cioccolato impreziosito da marzapane finissimo, torroncino alla nocciola e granella di noci.<\/p>\n<p>Venite a trovarci!<br \/>\nDa luned\u00ec a sabato aperto dalle ore 7.00 alle ore 19.00 e domenica dalle ore 7.00 alle ore 13.00.<br \/>\nMerano, Corso della Libert\u00e0 46 &#8211; Tel. +39 0473\u00a0055470<\/p>\n<p>&nbsp;<\/p>\n<p><iframe loading=\"lazy\" src=\"https:\/\/www.youtube.com\/embed\/LA97EQathqM\" width=\"1080\" height=\"608\" frameborder=\"0\" allowfullscreen=\"allowfullscreen\"><span data-mce-type=\"bookmark\" style=\"display: inline-block; width: 0px; overflow: hidden; line-height: 0;\" class=\"mce_SELRES_start\">\ufeff<\/span><span data-mce-type=\"bookmark\" style=\"display: inline-block; width: 0px; overflow: hidden; line-height: 0;\" class=\"mce_SELRES_start\">\ufeff<\/span><\/iframe><\/p>\n<p><img loading=\"lazy\" decoding=\"async\" class=\"alignnone wp-image-5679 size-full\" src=\"https:\/\/www.erbbrot.it\/wp-content\/uploads\/cafeteria-collage-giugno-2019.jpg\" alt=\"\" width=\"1080\" height=\"1500\" data-headline=\"Erb-Cafeteria-Collage-neu\" srcset=\"https:\/\/www.erbbrot.it\/wp-content\/uploads\/cafeteria-collage-giugno-2019.jpg 1080w, https:\/\/www.erbbrot.it\/wp-content\/uploads\/cafeteria-collage-giugno-2019-216x300.jpg 216w, https:\/\/www.erbbrot.it\/wp-content\/uploads\/cafeteria-collage-giugno-2019-768x1067.jpg 768w, https:\/\/www.erbbrot.it\/wp-content\/uploads\/cafeteria-collage-giugno-2019-737x1024.jpg 737w, https:\/\/www.erbbrot.it\/wp-content\/uploads\/cafeteria-collage-giugno-2019-900x1250.jpg 900w, https:\/\/www.erbbrot.it\/wp-content\/uploads\/cafeteria-collage-giugno-2019-600x833.jpg 600w, https:\/\/www.erbbrot.it\/wp-content\/uploads\/cafeteria-collage-giugno-2019-420x583.jpg 420w, https:\/\/www.erbbrot.it\/wp-content\/uploads\/cafeteria-collage-giugno-2019-450x625.jpg 450w, https:\/\/www.erbbrot.it\/wp-content\/uploads\/cafeteria-collage-giugno-2019-455x632.jpg 455w, https:\/\/www.erbbrot.it\/wp-content\/uploads\/cafeteria-collage-giugno-2019-640x889.jpg 640w\" sizes=\"(max-width: 1080px) 100vw, 1080px\" \/><\/p>\n","protected":false},"excerpt":{"rendered":"<p>La Cafeteria Erb nel cuore di Merano Entrare e sentirsi bene: la nuova Cafeteria Erb \u00e8 contemporaneamente panificio e bar! L\u2019ambiente suggestivo e luminoso, arredato con materiali gradevoli, \u00e8 il posto giusto per godersi in tranquillit\u00e0 la vista sul Kurhaus e su Corso Libert\u00e0, sorseggiando una tazza di t\u00e8 o caff\u00e8. Oltre a pane fresco, [&hellip;]<\/p>\n","protected":false},"author":2,"featured_media":0,"parent":0,"menu_order":0,"comment_status":"closed","ping_status":"closed","template":"","meta":{"_acf_changed":false,"footnotes":""},"acf":[],"yoast_head":"<!-- This site is optimized with the Yoast SEO plugin v22.1 - https:\/\/yoast.com\/wordpress\/plugins\/seo\/ -->\n<title>Cafeteria - Erb Merano<\/title>\n<meta name=\"description\" content=\"La Cafeteria Erb nel cuore di Merano \u00e8 contemporaneamente panificio e bar! \u00c8 il posto giusto per godersi in tranquillit\u00e0 la vista sul Kurhaus.\" \/>\n<meta name=\"robots\" content=\"index, follow, max-snippet:-1, max-image-preview:large, max-video-preview:-1\" \/>\n<link rel=\"canonical\" href=\"https:\/\/www.erbbrot.it\/it\/cafeteria\/\" \/>\n<meta property=\"og:locale\" content=\"it_IT\" \/>\n<meta property=\"og:type\" content=\"article\" \/>\n<meta property=\"og:title\" content=\"Cafeteria - Erb Merano\" \/>\n<meta property=\"og:description\" content=\"La Cafeteria Erb nel cuore di Merano \u00e8 contemporaneamente panificio e bar! \u00c8 il posto giusto per godersi in tranquillit\u00e0 la vista sul Kurhaus.\" \/>\n<meta property=\"og:url\" content=\"https:\/\/www.erbbrot.it\/it\/cafeteria\/\" \/>\n<meta property=\"og:site_name\" content=\"Erb Merano\" \/>\n<meta property=\"article:publisher\" content=\"https:\/\/www.facebook.com\/Erbbrot\/\" \/>\n<meta property=\"article:modified_time\" content=\"2025-03-18T15:23:31+00:00\" \/>\n<meta property=\"og:image\" content=\"https:\/\/www.erbbrot.it\/wp-content\/uploads\/cafeteria-collage-giugno-2019.jpg\" \/>\n<meta name=\"twitter:card\" content=\"summary_large_image\" \/>\n<meta name=\"twitter:label1\" content=\"Est. reading time\" \/>\n\t<meta name=\"twitter:data1\" content=\"1 minuto\" \/>\n<script type=\"application\/ld+json\" class=\"yoast-schema-graph\">{\"@context\":\"https:\/\/schema.org\",\"@graph\":[{\"@type\":\"WebPage\",\"@id\":\"https:\/\/www.erbbrot.it\/it\/cafeteria\/\",\"url\":\"https:\/\/www.erbbrot.it\/it\/cafeteria\/\",\"name\":\"Cafeteria - Erb Merano\",\"isPartOf\":{\"@id\":\"https:\/\/www.erbbrot.it\/de\/#website\"},\"datePublished\":\"2018-03-02T15:12:42+00:00\",\"dateModified\":\"2025-03-18T15:23:31+00:00\",\"description\":\"La Cafeteria Erb nel cuore di Merano \u00e8 contemporaneamente panificio e bar! \u00c8 il posto giusto per godersi in tranquillit\u00e0 la vista sul Kurhaus.\",\"breadcrumb\":{\"@id\":\"https:\/\/www.erbbrot.it\/it\/cafeteria\/#breadcrumb\"},\"inLanguage\":\"it-IT\",\"potentialAction\":[{\"@type\":\"ReadAction\",\"target\":[\"https:\/\/www.erbbrot.it\/it\/cafeteria\/\"]}]},{\"@type\":\"BreadcrumbList\",\"@id\":\"https:\/\/www.erbbrot.it\/it\/cafeteria\/#breadcrumb\",\"itemListElement\":[{\"@type\":\"ListItem\",\"position\":1,\"name\":\"Startseite\",\"item\":\"https:\/\/www.erbbrot.it\/it\/\"},{\"@type\":\"ListItem\",\"position\":2,\"name\":\"Cafeteria\"}]},{\"@type\":\"WebSite\",\"@id\":\"https:\/\/www.erbbrot.it\/de\/#website\",\"url\":\"https:\/\/www.erbbrot.it\/de\/\",\"name\":\"Erb Merano\",\"description\":\"Panificio e Pasticceria artigianale di Merano\",\"publisher\":{\"@id\":\"https:\/\/www.erbbrot.it\/de\/#organization\"},\"potentialAction\":[{\"@type\":\"SearchAction\",\"target\":{\"@type\":\"EntryPoint\",\"urlTemplate\":\"https:\/\/www.erbbrot.it\/de\/?s={search_term_string}\"},\"query-input\":\"required name=search_term_string\"}],\"inLanguage\":\"it-IT\"},{\"@type\":\"Organization\",\"@id\":\"https:\/\/www.erbbrot.it\/de\/#organization\",\"name\":\"Erb GmbH\",\"url\":\"https:\/\/www.erbbrot.it\/de\/\",\"logo\":{\"@type\":\"ImageObject\",\"inLanguage\":\"it-IT\",\"@id\":\"https:\/\/www.erbbrot.it\/de\/#\/schema\/logo\/image\/\",\"url\":\"https:\/\/www.erbbrot.it\/wp-content\/uploads\/favicon-v4.png\",\"contentUrl\":\"https:\/\/www.erbbrot.it\/wp-content\/uploads\/favicon-v4.png\",\"width\":200,\"height\":200,\"caption\":\"Erb GmbH\"},\"image\":{\"@id\":\"https:\/\/www.erbbrot.it\/de\/#\/schema\/logo\/image\/\"},\"sameAs\":[\"https:\/\/www.facebook.com\/Erbbrot\/\"]}]}<\/script>\n<!-- \/ Yoast SEO plugin. -->","yoast_head_json":{"title":"Cafeteria - Erb Merano","description":"La Cafeteria Erb nel cuore di Merano \u00e8 contemporaneamente panificio e bar! \u00c8 il posto giusto per godersi in tranquillit\u00e0 la vista sul Kurhaus.","robots":{"index":"index","follow":"follow","max-snippet":"max-snippet:-1","max-image-preview":"max-image-preview:large","max-video-preview":"max-video-preview:-1"},"canonical":"https:\/\/www.erbbrot.it\/it\/cafeteria\/","og_locale":"it_IT","og_type":"article","og_title":"Cafeteria - Erb Merano","og_description":"La Cafeteria Erb nel cuore di Merano \u00e8 contemporaneamente panificio e bar! \u00c8 il posto giusto per godersi in tranquillit\u00e0 la vista sul Kurhaus.","og_url":"https:\/\/www.erbbrot.it\/it\/cafeteria\/","og_site_name":"Erb Merano","article_publisher":"https:\/\/www.facebook.com\/Erbbrot\/","article_modified_time":"2025-03-18T15:23:31+00:00","og_image":[{"url":"https:\/\/www.erbbrot.it\/wp-content\/uploads\/cafeteria-collage-giugno-2019.jpg"}],"twitter_card":"summary_large_image","twitter_misc":{"Est. reading time":"1 minuto"},"schema":{"@context":"https:\/\/schema.org","@graph":[{"@type":"WebPage","@id":"https:\/\/www.erbbrot.it\/it\/cafeteria\/","url":"https:\/\/www.erbbrot.it\/it\/cafeteria\/","name":"Cafeteria - Erb Merano","isPartOf":{"@id":"https:\/\/www.erbbrot.it\/de\/#website"},"datePublished":"2018-03-02T15:12:42+00:00","dateModified":"2025-03-18T15:23:31+00:00","description":"La Cafeteria Erb nel cuore di Merano \u00e8 contemporaneamente panificio e bar! \u00c8 il posto giusto per godersi in tranquillit\u00e0 la vista sul Kurhaus.","breadcrumb":{"@id":"https:\/\/www.erbbrot.it\/it\/cafeteria\/#breadcrumb"},"inLanguage":"it-IT","potentialAction":[{"@type":"ReadAction","target":["https:\/\/www.erbbrot.it\/it\/cafeteria\/"]}]},{"@type":"BreadcrumbList","@id":"https:\/\/www.erbbrot.it\/it\/cafeteria\/#breadcrumb","itemListElement":[{"@type":"ListItem","position":1,"name":"Startseite","item":"https:\/\/www.erbbrot.it\/it\/"},{"@type":"ListItem","position":2,"name":"Cafeteria"}]},{"@type":"WebSite","@id":"https:\/\/www.erbbrot.it\/de\/#website","url":"https:\/\/www.erbbrot.it\/de\/","name":"Erb Merano","description":"Panificio e Pasticceria artigianale di Merano","publisher":{"@id":"https:\/\/www.erbbrot.it\/de\/#organization"},"potentialAction":[{"@type":"SearchAction","target":{"@type":"EntryPoint","urlTemplate":"https:\/\/www.erbbrot.it\/de\/?s={search_term_string}"},"query-input":"required name=search_term_string"}],"inLanguage":"it-IT"},{"@type":"Organization","@id":"https:\/\/www.erbbrot.it\/de\/#organization","name":"Erb GmbH","url":"https:\/\/www.erbbrot.it\/de\/","logo":{"@type":"ImageObject","inLanguage":"it-IT","@id":"https:\/\/www.erbbrot.it\/de\/#\/schema\/logo\/image\/","url":"https:\/\/www.erbbrot.it\/wp-content\/uploads\/favicon-v4.png","contentUrl":"https:\/\/www.erbbrot.it\/wp-content\/uploads\/favicon-v4.png","width":200,"height":200,"caption":"Erb GmbH"},"image":{"@id":"https:\/\/www.erbbrot.it\/de\/#\/schema\/logo\/image\/"},"sameAs":["https:\/\/www.facebook.com\/Erbbrot\/"]}]}},"_links":{"self":[{"href":"https:\/\/www.erbbrot.it\/it\/wp-json\/wp\/v2\/pages\/4901"}],"collection":[{"href":"https:\/\/www.erbbrot.it\/it\/wp-json\/wp\/v2\/pages"}],"about":[{"href":"https:\/\/www.erbbrot.it\/it\/wp-json\/wp\/v2\/types\/page"}],"author":[{"embeddable":true,"href":"https:\/\/www.erbbrot.it\/it\/wp-json\/wp\/v2\/users\/2"}],"replies":[{"embeddable":true,"href":"https:\/\/www.erbbrot.it\/it\/wp-json\/wp\/v2\/comments?post=4901"}],"version-history":[{"count":16,"href":"https:\/\/www.erbbrot.it\/it\/wp-json\/wp\/v2\/pages\/4901\/revisions"}],"predecessor-version":[{"id":9395,"href":"https:\/\/www.erbbrot.it\/it\/wp-json\/wp\/v2\/pages\/4901\/revisions\/9395"}],"wp:attachment":[{"href":"https:\/\/www.erbbrot.it\/it\/wp-json\/wp\/v2\/media?parent=4901"}],"curies":[{"name":"wp","href":"https:\/\/api.w.org\/{rel}","templated":true}]}}

<p><strong>La Cafeteria Erb nel cuore di Merano</strong></p>
<p>Entrare e sentirsi bene: la nuova Cafeteria Erb è contemporaneamente panificio e bar! L’ambiente suggestivo e luminoso, arredato con materiali gradevoli, è il posto giusto per godersi in tranquillità la vista sul Kurhaus e su Corso Libertà, sorseggiando una tazza di tè o caffè. Oltre a pane fresco, paste e fette di torta del nostro panificio e pasticceria artigianali di Merano, offriamo anche piatti veloci come deliziose pizzette e panini farciti, accompagnati da spremute, vini scelti e prosecco.</p>
<p>Da asporto, direttamente dalla nostra pasticceria, l’irresistibile cubetto meranese al cioccolato impreziosito da marzapane finissimo, torroncino alla nocciola e granella di noci.</p>
<p>Venite a trovarci!<br />
Da lunedì a sabato aperto dalle ore 7.00 alle ore 19.00 e domenica dalle ore 7.00 alle ore 13.00.<br />
Merano, Corso della Libertà 46 &#8211; Tel. +39 0473 055470</p>
<p>&nbsp;</p>
<p><iframe loading="lazy" src="https://www.youtube.com/embed/LA97EQathqM" width="1080" height="608" frameborder="0" allowfullscreen="allowfullscreen"><span data-mce-type="bookmark" style="display: inline-block; width: 0px; overflow: hidden; line-height: 0;" class="mce_SELRES_start">﻿</span><span data-mce-type="bookmark" style="display: inline-block; width: 0px; overflow: hidden; line-height: 0;" class="mce_SELRES_start">﻿</span></iframe></p>
<p><img loading="lazy" decoding="async" class="alignnone wp-image-5679 size-full" src="https://www.erbbrot.it/wp-content/uploads/cafeteria-collage-giugno-2019.jpg" alt="" width="1080" height="1500" data-headline="Erb-Cafeteria-Collage-neu" srcset="https://www.erbbrot.it/wp-content/uploads/cafeteria-collage-giugno-2019.jpg 1080w, https://www.erbbrot.it/wp-content/uploads/cafeteria-collage-giugno-2019-216x300.jpg 216w, https://www.erbbrot.it/wp-content/uploads/cafeteria-collage-giugno-2019-768x1067.jpg 768w, https://www.erbbrot.it/wp-content/uploads/cafeteria-collage-giugno-2019-737x1024.jpg 737w, https://www.erbbrot.it/wp-content/uploads/cafeteria-collage-giugno-2019-900x1250.jpg 900w, https://www.erbbrot.it/wp-content/uploads/cafeteria-collage-giugno-2019-600x833.jpg 600w, https://www.erbbrot.it/wp-content/uploads/cafeteria-collage-giugno-2019-420x583.jpg 420w, https://www.erbbrot.it/wp-content/uploads/cafeteria-collage-giugno-2019-450x625.jpg 450w, https://www.erbbrot.it/wp-content/uploads/cafeteria-collage-giugno-2019-455x632.jpg 455w, https://www.erbbrot.it/wp-content/uploads/cafeteria-collage-giugno-2019-640x889.jpg 640w" sizes="(max-width: 1080px) 100vw, 1080px" /></p>

<p>La Cafeteria Erb nel cuore di Merano Entrare e sentirsi bene: la nuova Cafeteria Erb è contemporaneamente panificio e bar! L’ambiente suggestivo e luminoso, arredato con materiali gradevoli, è il posto giusto per godersi in tranquillità la vista sul Kurhaus e su Corso Libertà, sorseggiando una tazza di tè o caffè. Oltre a pane fresco, [&hellip;]</p>

<!-- This site is optimized with the Yoast SEO plugin v22.1 - https://yoast.com/wordpress/plugins/seo/ -->
<title>Cafeteria - Erb Merano</title>
<meta name="description" content="La Cafeteria Erb nel cuore di Merano è contemporaneamente panificio e bar! È il posto giusto per godersi in tranquillità la vista sul Kurhaus." />
<meta name="robots" content="index, follow, max-snippet:-1, max-image-preview:large, max-video-preview:-1" />
<link rel="canonical" href="https://www.erbbrot.it/it/cafeteria/" />
<meta property="og:locale" content="it_IT" />
<meta property="og:type" content="article" />
<meta property="og:title" content="Cafeteria - Erb Merano" />
<meta property="og:description" content="La Cafeteria Erb nel cuore di Merano è contemporaneamente panificio e bar! È il posto giusto per godersi in tranquillità la vista sul Kurhaus." />
<meta property="og:url" content="https://www.erbbrot.it/it/cafeteria/" />
<meta property="og:site_name" content="Erb Merano" />
<meta property="article:publisher" content="https://www.facebook.com/Erbbrot/" />
<meta property="article:modified_time" content="2025-03-18T15:23:31+00:00" />
<meta property="og:image" content="https://www.erbbrot.it/wp-content/uploads/cafeteria-collage-giugno-2019.jpg" />
<meta name="twitter:card" content="summary_large_image" />
<meta name="twitter:label1" content="Est. reading time" />
	<meta name="twitter:data1" content="1 minuto" />
<script type="application/ld+json" class="yoast-schema-graph">{"@context":"https://schema.org","@graph":[{"@type":"WebPage","@id":"https://www.erbbrot.it/it/cafeteria/","url":"https://www.erbbrot.it/it/cafeteria/","name":"Cafeteria - Erb Merano","isPartOf":{"@id":"https://www.erbbrot.it/de/#website"},"datePublished":"2018-03-02T15:12:42+00:00","dateModified":"2025-03-18T15:23:31+00:00","description":"La Cafeteria Erb nel cuore di Merano è contemporaneamente panificio e bar! È il posto giusto per godersi in tranquillità la vista sul Kurhaus.","breadcrumb":{"@id":"https://www.erbbrot.it/it/cafeteria/#breadcrumb"},"inLanguage":"it-IT","potentialAction":[{"@type":"ReadAction","target":["https://www.erbbrot.it/it/cafeteria/"]}]},{"@type":"BreadcrumbList","@id":"https://www.erbbrot.it/it/cafeteria/#breadcrumb","itemListElement":[{"@type":"ListItem","position":1,"name":"Startseite","item":"https://www.erbbrot.it/it/"},{"@type":"ListItem","position":2,"name":"Cafeteria"}]},{"@type":"WebSite","@id":"https://www.erbbrot.it/de/#website","url":"https://www.erbbrot.it/de/","name":"Erb Merano","description":"Panificio e Pasticceria artigianale di Merano","publisher":{"@id":"https://www.erbbrot.it/de/#organization"},"potentialAction":[{"@type":"SearchAction","target":{"@type":"EntryPoint","urlTemplate":"https://www.erbbrot.it/de/?s={search_term_string}"},"query-input":"required name=search_term_string"}],"inLanguage":"it-IT"},{"@type":"Organization","@id":"https://www.erbbrot.it/de/#organization","name":"Erb GmbH","url":"https://www.erbbrot.it/de/","logo":{"@type":"ImageObject","inLanguage":"it-IT","@id":"https://www.erbbrot.it/de/#/schema/logo/image/","url":"https://www.erbbrot.it/wp-content/uploads/favicon-v4.png","contentUrl":"https://www.erbbrot.it/wp-content/uploads/favicon-v4.png","width":200,"height":200,"caption":"Erb GmbH"},"image":{"@id":"https://www.erbbrot.it/de/#/schema/logo/image/"},"sameAs":["https://www.facebook.com/Erbbrot/"]}]}</script>
<!-- / Yoast SEO plugin. -->

La Cafeteria Erb nel cuore di Merano è contemporaneamente panificio e bar! È il posto giusto per godersi in tranquillità la vista sul Kurhaus.
